{"id":2490,"date":"2025-02-03T20:04:08","date_gmt":"2025-02-03T20:04:08","guid":{"rendered":"https:\/\/bmoplastik.com\/?post_type=product&#038;p=2490"},"modified":"2025-02-03T20:06:39","modified_gmt":"2025-02-03T20:06:39","slug":"peronaynaarkakapagi","status":"publish","type":"product","link":"https:\/\/bmoplastik.com\/index.php\/product\/peronaynaarkakapagi\/","title":{"rendered":"Peron (\u00d6n) Ayna arka Kapa\u011f\u0131"},"content":{"rendered":"<p>EURO 6 PERON (\u00d6N) AYNASI ARKA KAPA\u011eI<\/p>\n<p>PAR\u00c7A NUMARASI (OEM): 81.63732-0106<\/p>\n<p>MODEL: MAN<\/p>\n<p>SKU: BM0013<\/p>\n","protected":false},"excerpt":{"rendered":"<p>BMO Otomotiv<\/p>\n","protected":false},"featured_media":2491,"comment_status":"open","ping_status":"closed","template":"","meta":[],"product_cat":[60],"product_tag":[],"class_list":["post-2490","product","type-product","status-publish","has-post-thumbnail","hentry","product_cat-man-grubu-yedek-parca"],"acf":[],"aioseo_notices":[],"_links":{"self":[{"href":"https:\/\/bmoplastik.com\/index.php\/wp-json\/wp\/v2\/product\/2490","targetHints":{"allow":["GET"]}}],"collection":[{"href":"https:\/\/bmoplastik.com\/index.php\/wp-json\/wp\/v2\/product"}],"about":[{"href":"https:\/\/bmoplastik.com\/index.php\/wp-json\/wp\/v2\/types\/product"}],"replies":[{"embeddable":true,"href":"https:\/\/bmoplastik.com\/index.php\/wp-json\/wp\/v2\/comments?post=2490"}],"wp:featuredmedia":[{"embeddable":true,"href":"https:\/\/bmoplastik.com\/index.php\/wp-json\/wp\/v2\/media\/2491"}],"wp:attachment":[{"href":"https:\/\/bmoplastik.com\/index.php\/wp-json\/wp\/v2\/media?parent=2490"}],"wp:term":[{"taxonomy":"product_cat","embeddable":true,"href":"https:\/\/bmoplastik.com\/index.php\/wp-json\/wp\/v2\/product_cat?post=2490"},{"taxonomy":"product_tag","embeddable":true,"href":"https:\/\/bmoplastik.com\/index.php\/wp-json\/wp\/v2\/product_tag?post=2490"}],"curies":[{"name":"wp","href":"https:\/\/api.w.org\/{rel}","templated":true}]}}