{"id":941,"date":"2022-05-21T10:17:16","date_gmt":"2022-05-21T10:17:16","guid":{"rendered":"https:\/\/modinatheme.com\/dustrix\/?page_id=941"},"modified":"2023-11-19T15:24:25","modified_gmt":"2023-11-19T15:24:25","slug":"hakkimizda","status":"publish","type":"page","link":"https:\/\/bmoplastik.com\/index.php\/hakkimizda\/","title":{"rendered":"Hakk\u0131m\u0131zda"},"content":{"rendered":"\t\t<div data-elementor-type=\"wp-page\" data-elementor-id=\"941\" class=\"elementor elementor-941\">\n\t\t\t\t\t\t\t\t\t<section class=\"elementor-section elementor-top-section elementor-element elementor-element-e66c969 elementor-section-content-middle elementor-section-boxed elementor-section-height-default elementor-section-height-default\" data-id=\"e66c969\" data-element_type=\"section\" data-settings=\"{&quot;background_background&quot;:&quot;classic&quot;}\">\n\t\t\t\t\t\t<div class=\"elementor-container elementor-column-gap-default\">\n\t\t\t\t\t<div class=\"elementor-column elementor-col-50 elementor-top-column elementor-element elementor-element-f192c5c\" data-id=\"f192c5c\" data-element_type=\"column\">\n\t\t\t<div class=\"elementor-widget-wrap elementor-element-populated\">\n\t\t\t\t\t\t\t\t<div class=\"elementor-element elementor-element-f3cf85a elementor-widget elementor-widget-image\" data-id=\"f3cf85a\" data-element_type=\"widget\" data-widget_type=\"image.default\">\n\t\t\t\t<div class=\"elementor-widget-container\">\n\t\t\t<style>\/*! elementor - v3.17.0 - 25-10-2023 *\/\n.elementor-widget-image{text-align:center}.elementor-widget-image a{display:inline-block}.elementor-widget-image a img[src$=\".svg\"]{width:48px}.elementor-widget-image img{vertical-align:middle;display:inline-block}<\/style>\t\t\t\t\t\t\t\t\t\t\t\t<img fetchpriority=\"high\" decoding=\"async\" width=\"927\" height=\"1024\" src=\"https:\/\/bmoplastik.com\/wp-content\/uploads\/2023\/11\/bmobayrak-927x1024.jpg\" class=\"attachment-large size-large wp-image-2242\" alt=\"\" srcset=\"https:\/\/bmoplastik.com\/wp-content\/uploads\/2023\/11\/bmobayrak-927x1024.jpg 927w, https:\/\/bmoplastik.com\/wp-content\/uploads\/2023\/11\/bmobayrak-272x300.jpg 272w, https:\/\/bmoplastik.com\/wp-content\/uploads\/2023\/11\/bmobayrak-768x848.jpg 768w, https:\/\/bmoplastik.com\/wp-content\/uploads\/2023\/11\/bmobayrak-1391x1536.jpg 1391w, https:\/\/bmoplastik.com\/wp-content\/uploads\/2023\/11\/bmobayrak-600x663.jpg 600w, https:\/\/bmoplastik.com\/wp-content\/uploads\/2023\/11\/bmobayrak.jpg 1811w\" sizes=\"(max-width: 927px) 100vw, 927px\" \/>\t\t\t\t\t\t\t\t\t\t\t\t\t\t\t<\/div>\n\t\t\t\t<\/div>\n\t\t\t\t\t<\/div>\n\t\t<\/div>\n\t\t\t\t<div class=\"elementor-column elementor-col-50 elementor-top-column elementor-element elementor-element-e5e97cf\" data-id=\"e5e97cf\" data-element_type=\"column\">\n\t\t\t<div class=\"elementor-widget-wrap elementor-element-populated\">\n\t\t\t\t\t\t\t\t<div class=\"elementor-element elementor-element-3d90f77 elementor-widget elementor-widget-heading\" data-id=\"3d90f77\" data-element_type=\"widget\" data-widget_type=\"heading.default\">\n\t\t\t\t<div class=\"elementor-widget-container\">\n\t\t\t<style>\/*! elementor - v3.17.0 - 25-10-2023 *\/\n.elementor-heading-title{padding:0;margin:0;line-height:1}.elementor-widget-heading .elementor-heading-title[class*=elementor-size-]>a{color:inherit;font-size:inherit;line-height:inherit}.elementor-widget-heading .elementor-heading-title.elementor-size-small{font-size:15px}.elementor-widget-heading .elementor-heading-title.elementor-size-medium{font-size:19px}.elementor-widget-heading .elementor-heading-title.elementor-size-large{font-size:29px}.elementor-widget-heading .elementor-heading-title.elementor-size-xl{font-size:39px}.elementor-widget-heading .elementor-heading-title.elementor-size-xxl{font-size:59px}<\/style><h2 class=\"elementor-heading-title elementor-size-default\">BMO Otomotiv: Kalitede Tecr\u00fcbenin Ad\u0131<\/h2>\t\t<\/div>\n\t\t\t\t<\/div>\n\t\t\t\t<div class=\"elementor-element elementor-element-a01e7bb elementor-widget elementor-widget-text-editor\" data-id=\"a01e7bb\" data-element_type=\"widget\" data-widget_type=\"text-editor.default\">\n\t\t\t\t<div class=\"elementor-widget-container\">\n\t\t\t<style>\/*! elementor - v3.17.0 - 25-10-2023 *\/\n.elementor-widget-text-editor.elementor-drop-cap-view-stacked .elementor-drop-cap{background-color:#69727d;color:#fff}.elementor-widget-text-editor.elementor-drop-cap-view-framed .elementor-drop-cap{color:#69727d;border:3px solid;background-color:transparent}.elementor-widget-text-editor:not(.elementor-drop-cap-view-default) .elementor-drop-cap{margin-top:8px}.elementor-widget-text-editor:not(.elementor-drop-cap-view-default) .elementor-drop-cap-letter{width:1em;height:1em}.elementor-widget-text-editor .elementor-drop-cap{float:left;text-align:center;line-height:1;font-size:50px}.elementor-widget-text-editor .elementor-drop-cap-letter{display:inline-block}<\/style>\t\t\t\t<p>1988 y\u0131l\u0131nda sekt\u00f6re ad\u0131m atan BMO Otomotiv, otomotiv end\u00fcstrisindeki par\u00e7a \u00fcretiminde uzun y\u0131llara dayanan deneyimiyle \u00f6ne \u00e7\u0131kan bir firma olarak tan\u0131n\u0131yor. Firmam\u0131z, Man ve bir\u00e7ok \u00f6nde gelen otomotiv \u00fcreticisi i\u00e7in y\u00fcksek kaliteli yedek par\u00e7a \u00fcretimi konusunda \u00f6nc\u00fc bir konumda bulunmaktad\u0131r.<\/p><p><strong>Tecr\u00fcbe ve \u0130novasyonun Harman\u0131<\/strong><\/p><p>BMO Otomotiv, sekt\u00f6rdeki de\u011fi\u015fen ihtiya\u00e7lara uyum sa\u011flamak i\u00e7in hem tecr\u00fcbeye dayal\u0131 yakla\u015f\u0131m\u0131n\u0131 hem de s\u00fcrekli yenilik\u00e7i bak\u0131\u015f a\u00e7\u0131s\u0131n\u0131 bir araya getirir. \u00dcretim s\u00fcre\u00e7lerinde en son teknolojileri ve kalite standartlar\u0131n\u0131 benimseyerek, m\u00fc\u015fterilerine sekt\u00f6rde \u00f6nde gelen performans ve g\u00fcvenilirlik sunmay\u0131 hedefler.<\/p><p><strong>M\u00fc\u015fteri Odakl\u0131 Hizmet Anlay\u0131\u015f\u0131<\/strong><\/p><p>Firman\u0131n temel amac\u0131, m\u00fc\u015fteri memnuniyetini \u00f6n planda tutmakt\u0131r. Her bir a\u015famada kalite kontrol\u00fc titizlikle ger\u00e7ekle\u015ftirilir ve m\u00fc\u015fteri beklentilerini a\u015facak \u015fekilde \u00fcr\u00fcnler sunulur. BMO Otomotiv, i\u015f birli\u011fi i\u00e7inde oldu\u011fu markalar\u0131n \u00f6zg\u00fcn ihtiya\u00e7lar\u0131na uygun \u00e7\u00f6z\u00fcmler geli\u015ftirerek sekt\u00f6rde fark yarat\u0131r.<\/p><p><strong>S\u00fcrd\u00fcr\u00fclebilirlik ve Sorumluluk<\/strong><\/p><p>Firman\u0131n s\u00fcrd\u00fcr\u00fclebilirlik anlay\u0131\u015f\u0131, \u00e7evreye duyarl\u0131 \u00fcretim s\u00fcre\u00e7leri ve kaynaklar\u0131 verimli kullanma ilkesi \u00fczerine kuruludur. BMO Otomotiv, topluma ve \u00e7evreye kar\u015f\u0131 sorumluluk bilinciyle hareket eder, s\u00fcrd\u00fcr\u00fclebilirlik odakl\u0131 \u00e7\u00f6z\u00fcmler geli\u015ftirir.<\/p><p><strong>Gelece\u011fe Yat\u0131r\u0131m<\/strong><\/p><p>BMO Otomotiv, s\u00fcrekli geli\u015fen ve de\u011fi\u015fen sekt\u00f6rde \u00f6nc\u00fc olmay\u0131 s\u00fcrd\u00fcrebilmek ad\u0131na Ar-Ge&#8217;ye ve \u00e7al\u0131\u015fanlar\u0131n\u0131n s\u00fcrekli e\u011fitimine b\u00fcy\u00fck \u00f6nem verir. Bu sayede, gelecekteki otomotiv end\u00fcstrisinin ihtiya\u00e7lar\u0131na daha iyi cevap verebilmeyi hedefler.<\/p><p>BMO Otomotiv, y\u00fcksek kaliteli yedek par\u00e7a \u00fcretimindeki uzmanl\u0131\u011f\u0131 ve m\u00fc\u015fteri memnuniyetine odakl\u0131 yakla\u015f\u0131m\u0131yla sekt\u00f6rdeki lider konumunu s\u00fcrd\u00fcrmekte ve ilerlemektedir.<\/p>\t\t\t\t\t\t<\/div>\n\t\t\t\t<\/div>\n\t\t\t\t\t<\/div>\n\t\t<\/div>\n\t\t\t\t\t\t\t<\/div>\n\t\t<\/section>\n\t\t\t\t<section class=\"elementor-section elementor-top-section elementor-element elementor-element-7155504 elementor-section-boxed elementor-section-height-default elementor-section-height-default\" data-id=\"7155504\" data-element_type=\"section\" data-settings=\"{&quot;background_background&quot;:&quot;classic&quot;}\">\n\t\t\t\t\t\t<div class=\"elementor-container elementor-column-gap-default\">\n\t\t\t\t\t<div class=\"elementor-column elementor-col-100 elementor-top-column elementor-element elementor-element-fa9bc79\" data-id=\"fa9bc79\" data-element_type=\"column\">\n\t\t\t<div class=\"elementor-widget-wrap elementor-element-populated\">\n\t\t\t\t\t\t\t\t<div class=\"elementor-element elementor-element-f1366ef elementor-widget elementor-widget-modina_section_title\" data-id=\"f1366ef\" data-element_type=\"widget\" data-widget_type=\"modina_section_title.default\">\n\t\t\t\t<div class=\"elementor-widget-container\">\n\t\t\t        <div class=\"section-title text-center\">\r\n        <span>Otomotiv<\/span>\r\n        <p>BMO<\/p>\r\n        <h2>B\u00fcy\u00fcme Ser\u00fcvenimiz<\/h2>\r\n    <\/div>\r\n    \r\n    \r\n        \t\t<\/div>\n\t\t\t\t<\/div>\n\t\t\t\t<section class=\"elementor-section elementor-inner-section elementor-element elementor-element-fc82ee7 elementor-section-full_width elementor-section-height-default elementor-section-height-default\" data-id=\"fc82ee7\" data-element_type=\"section\">\n\t\t\t\t\t\t<div class=\"elementor-container elementor-column-gap-default\">\n\t\t\t\t\t<div class=\"elementor-column elementor-col-33 elementor-inner-column elementor-element elementor-element-df1f01f\" data-id=\"df1f01f\" data-element_type=\"column\">\n\t\t\t<div class=\"elementor-widget-wrap elementor-element-populated\">\n\t\t\t\t\t\t\t\t<div class=\"elementor-element elementor-element-956d2e6 elementor-widget elementor-widget-heading\" data-id=\"956d2e6\" data-element_type=\"widget\" data-widget_type=\"heading.default\">\n\t\t\t\t<div class=\"elementor-widget-container\">\n\t\t\t<h3 class=\"elementor-heading-title elementor-size-default\">1988<\/h3>\t\t<\/div>\n\t\t\t\t<\/div>\n\t\t\t\t<div class=\"elementor-element elementor-element-95aa4db elementor-view-stacked elementor-shape-circle elementor-widget elementor-widget-icon\" data-id=\"95aa4db\" data-element_type=\"widget\" data-widget_type=\"icon.default\">\n\t\t\t\t<div class=\"elementor-widget-container\">\n\t\t\t\t\t<div class=\"elementor-icon-wrapper\">\n\t\t\t<div class=\"elementor-icon\">\n\t\t\t<i aria-hidden=\"true\" class=\"fas fa-paper-plane\"><\/i>\t\t\t<\/div>\n\t\t<\/div>\n\t\t\t\t<\/div>\n\t\t\t\t<\/div>\n\t\t\t\t<div class=\"elementor-element elementor-element-4883809 elementor-widget elementor-widget-heading\" data-id=\"4883809\" data-element_type=\"widget\" data-widget_type=\"heading.default\">\n\t\t\t\t<div class=\"elementor-widget-container\">\n\t\t\t<h4 class=\"elementor-heading-title elementor-size-default\">Kurulu\u015f<\/h4>\t\t<\/div>\n\t\t\t\t<\/div>\n\t\t\t\t\t<\/div>\n\t\t<\/div>\n\t\t\t\t<div class=\"elementor-column elementor-col-33 elementor-inner-column elementor-element elementor-element-259f66a\" data-id=\"259f66a\" data-element_type=\"column\">\n\t\t\t<div class=\"elementor-widget-wrap elementor-element-populated\">\n\t\t\t\t\t\t\t\t<div class=\"elementor-element elementor-element-a0010e4 elementor-widget elementor-widget-heading\" data-id=\"a0010e4\" data-element_type=\"widget\" data-widget_type=\"heading.default\">\n\t\t\t\t<div class=\"elementor-widget-container\">\n\t\t\t<h3 class=\"elementor-heading-title elementor-size-default\">2005<\/h3>\t\t<\/div>\n\t\t\t\t<\/div>\n\t\t\t\t<div class=\"elementor-element elementor-element-211f574 elementor-view-stacked elementor-shape-circle elementor-widget elementor-widget-icon\" data-id=\"211f574\" data-element_type=\"widget\" data-widget_type=\"icon.default\">\n\t\t\t\t<div class=\"elementor-widget-container\">\n\t\t\t\t\t<div class=\"elementor-icon-wrapper\">\n\t\t\t<div class=\"elementor-icon\">\n\t\t\t<i aria-hidden=\"true\" class=\"fas fa-trophy\"><\/i>\t\t\t<\/div>\n\t\t<\/div>\n\t\t\t\t<\/div>\n\t\t\t\t<\/div>\n\t\t\t\t<div class=\"elementor-element elementor-element-548d25a elementor-widget elementor-widget-heading\" data-id=\"548d25a\" data-element_type=\"widget\" data-widget_type=\"heading.default\">\n\t\t\t\t<div class=\"elementor-widget-container\">\n\t\t\t<h4 class=\"elementor-heading-title elementor-size-default\">\u00dcretimimizi 4 Kat\u0131na \u00c7\u0131kard\u0131k<\/h4>\t\t<\/div>\n\t\t\t\t<\/div>\n\t\t\t\t\t<\/div>\n\t\t<\/div>\n\t\t\t\t<div class=\"elementor-column elementor-col-33 elementor-inner-column elementor-element elementor-element-2bfd5a9\" data-id=\"2bfd5a9\" data-element_type=\"column\">\n\t\t\t<div class=\"elementor-widget-wrap elementor-element-populated\">\n\t\t\t\t\t\t\t\t<div class=\"elementor-element elementor-element-8564a7b elementor-widget elementor-widget-heading\" data-id=\"8564a7b\" data-element_type=\"widget\" data-widget_type=\"heading.default\">\n\t\t\t\t<div class=\"elementor-widget-container\">\n\t\t\t<h3 class=\"elementor-heading-title elementor-size-default\">2017<\/h3>\t\t<\/div>\n\t\t\t\t<\/div>\n\t\t\t\t<div class=\"elementor-element elementor-element-e7e6609 elementor-view-stacked elementor-shape-circle elementor-widget elementor-widget-icon\" data-id=\"e7e6609\" data-element_type=\"widget\" data-widget_type=\"icon.default\">\n\t\t\t\t<div class=\"elementor-widget-container\">\n\t\t\t\t\t<div class=\"elementor-icon-wrapper\">\n\t\t\t<div class=\"elementor-icon\">\n\t\t\t<i aria-hidden=\"true\" class=\"far fa-building\"><\/i>\t\t\t<\/div>\n\t\t<\/div>\n\t\t\t\t<\/div>\n\t\t\t\t<\/div>\n\t\t\t\t<div class=\"elementor-element elementor-element-2e95089 elementor-widget elementor-widget-heading\" data-id=\"2e95089\" data-element_type=\"widget\" data-widget_type=\"heading.default\">\n\t\t\t\t<div class=\"elementor-widget-container\">\n\t\t\t<h4 class=\"elementor-heading-title elementor-size-default\">20 \u00dclkeye \u0130hra\u00e7 Ediyoruz<\/h4>\t\t<\/div>\n\t\t\t\t<\/div>\n\t\t\t\t\t<\/div>\n\t\t<\/div>\n\t\t\t\t\t\t\t<\/div>\n\t\t<\/section>\n\t\t\t\t\t<\/div>\n\t\t<\/div>\n\t\t\t\t\t\t\t<\/div>\n\t\t<\/section>\n\t\t\t\t<section class=\"elementor-section elementor-top-section elementor-element elementor-element-beb0390 elementor-section-boxed elementor-section-height-default elementor-section-height-default\" data-id=\"beb0390\" data-element_type=\"section\" data-settings=\"{&quot;background_background&quot;:&quot;classic&quot;}\">\n\t\t\t\t\t\t<div class=\"elementor-container elementor-column-gap-default\">\n\t\t\t\t\t<div class=\"elementor-column elementor-col-100 elementor-top-column elementor-element elementor-element-bcb62d9\" data-id=\"bcb62d9\" data-element_type=\"column\">\n\t\t\t<div class=\"elementor-widget-wrap elementor-element-populated\">\n\t\t\t\t\t\t\t\t<div class=\"elementor-element elementor-element-f125fbe elementor-widget elementor-widget-modina_section_title\" data-id=\"f125fbe\" data-element_type=\"widget\" data-widget_type=\"modina_section_title.default\">\n\t\t\t\t<div class=\"elementor-widget-container\">\n\t\t\t        <div class=\"section-title text-center\">\r\n        <span>Otomotiv<\/span>\r\n        <p>BMO<\/p>\r\n        <h2>\u00dcretim Yapt\u0131\u011f\u0131m\u0131z Markalar<\/h2>\r\n    <\/div>\r\n    \r\n    \r\n        \t\t<\/div>\n\t\t\t\t<\/div>\n\t\t\t\t<section class=\"elementor-section elementor-inner-section elementor-element elementor-element-5c24e22 elementor-section-full_width elementor-section-content-middle elementor-section-height-default elementor-section-height-default\" data-id=\"5c24e22\" data-element_type=\"section\">\n\t\t\t\t\t\t<div class=\"elementor-container elementor-column-gap-default\">\n\t\t\t\t\t<div class=\"elementor-column elementor-col-25 elementor-inner-column elementor-element elementor-element-0f3c7b4\" data-id=\"0f3c7b4\" data-element_type=\"column\">\n\t\t\t<div class=\"elementor-widget-wrap elementor-element-populated\">\n\t\t\t\t\t\t\t\t<div class=\"elementor-element elementor-element-d8a3a31 elementor-widget elementor-widget-image\" data-id=\"d8a3a31\" data-element_type=\"widget\" data-widget_type=\"image.default\">\n\t\t\t\t<div class=\"elementor-widget-container\">\n\t\t\t\t\t\t\t\t\t\t\t\t\t\t\t<img decoding=\"async\" width=\"200\" height=\"100\" src=\"https:\/\/bmoplastik.com\/wp-content\/uploads\/2023\/11\/man.png\" class=\"attachment-large size-large wp-image-2247\" alt=\"\" \/>\t\t\t\t\t\t\t\t\t\t\t\t\t\t\t<\/div>\n\t\t\t\t<\/div>\n\t\t\t\t\t<\/div>\n\t\t<\/div>\n\t\t\t\t<div class=\"elementor-column elementor-col-25 elementor-inner-column elementor-element elementor-element-98bc0a9\" data-id=\"98bc0a9\" data-element_type=\"column\">\n\t\t\t<div class=\"elementor-widget-wrap elementor-element-populated\">\n\t\t\t\t\t\t\t\t<div class=\"elementor-element elementor-element-4761ca0 elementor-widget elementor-widget-image\" data-id=\"4761ca0\" data-element_type=\"widget\" data-widget_type=\"image.default\">\n\t\t\t\t<div class=\"elementor-widget-container\">\n\t\t\t\t\t\t\t\t\t\t\t\t\t\t\t<img decoding=\"async\" width=\"200\" height=\"100\" src=\"https:\/\/bmoplastik.com\/wp-content\/uploads\/2023\/11\/mercedes.png\" class=\"attachment-large size-large wp-image-2248\" alt=\"\" \/>\t\t\t\t\t\t\t\t\t\t\t\t\t\t\t<\/div>\n\t\t\t\t<\/div>\n\t\t\t\t\t<\/div>\n\t\t<\/div>\n\t\t\t\t<div class=\"elementor-column elementor-col-25 elementor-inner-column elementor-element elementor-element-7320775\" data-id=\"7320775\" data-element_type=\"column\">\n\t\t\t<div class=\"elementor-widget-wrap elementor-element-populated\">\n\t\t\t\t\t\t\t\t<div class=\"elementor-element elementor-element-5bf768d elementor-widget elementor-widget-image\" data-id=\"5bf768d\" data-element_type=\"widget\" data-widget_type=\"image.default\">\n\t\t\t\t<div class=\"elementor-widget-container\">\n\t\t\t\t\t\t\t\t\t\t\t\t\t\t\t<img loading=\"lazy\" decoding=\"async\" width=\"200\" height=\"100\" src=\"https:\/\/bmoplastik.com\/wp-content\/uploads\/2023\/11\/daf.png\" class=\"attachment-large size-large wp-image-2249\" alt=\"\" \/>\t\t\t\t\t\t\t\t\t\t\t\t\t\t\t<\/div>\n\t\t\t\t<\/div>\n\t\t\t\t\t<\/div>\n\t\t<\/div>\n\t\t\t\t<div class=\"elementor-column elementor-col-25 elementor-inner-column elementor-element elementor-element-e4088f9\" data-id=\"e4088f9\" data-element_type=\"column\">\n\t\t\t<div class=\"elementor-widget-wrap elementor-element-populated\">\n\t\t\t\t\t\t\t\t<div class=\"elementor-element elementor-element-ecec82a elementor-widget elementor-widget-image\" data-id=\"ecec82a\" data-element_type=\"widget\" data-widget_type=\"image.default\">\n\t\t\t\t<div class=\"elementor-widget-container\">\n\t\t\t\t\t\t\t\t\t\t\t\t\t\t\t<img loading=\"lazy\" decoding=\"async\" width=\"200\" height=\"100\" src=\"https:\/\/bmoplastik.com\/wp-content\/uploads\/2023\/11\/bmc.png\" class=\"attachment-large size-large wp-image-2250\" alt=\"\" \/>\t\t\t\t\t\t\t\t\t\t\t\t\t\t\t<\/div>\n\t\t\t\t<\/div>\n\t\t\t\t\t<\/div>\n\t\t<\/div>\n\t\t\t\t\t\t\t<\/div>\n\t\t<\/section>\n\t\t\t\t<section class=\"elementor-section elementor-inner-section elementor-element elementor-element-6f343ac elementor-section-full_width elementor-section-content-middle elementor-section-height-default elementor-section-height-default\" data-id=\"6f343ac\" data-element_type=\"section\">\n\t\t\t\t\t\t<div class=\"elementor-container elementor-column-gap-default\">\n\t\t\t\t\t<div class=\"elementor-column elementor-col-25 elementor-inner-column elementor-element elementor-element-e95550d\" data-id=\"e95550d\" data-element_type=\"column\">\n\t\t\t<div class=\"elementor-widget-wrap elementor-element-populated\">\n\t\t\t\t\t\t\t\t<div class=\"elementor-element elementor-element-7545dde elementor-widget elementor-widget-image\" data-id=\"7545dde\" data-element_type=\"widget\" data-widget_type=\"image.default\">\n\t\t\t\t<div class=\"elementor-widget-container\">\n\t\t\t\t\t\t\t\t\t\t\t\t\t\t\t<img loading=\"lazy\" decoding=\"async\" width=\"200\" height=\"100\" src=\"https:\/\/bmoplastik.com\/wp-content\/uploads\/2023\/11\/ford.png\" class=\"attachment-large size-large wp-image-2251\" alt=\"\" \/>\t\t\t\t\t\t\t\t\t\t\t\t\t\t\t<\/div>\n\t\t\t\t<\/div>\n\t\t\t\t\t<\/div>\n\t\t<\/div>\n\t\t\t\t<div class=\"elementor-column elementor-col-25 elementor-inner-column elementor-element elementor-element-c3816cb\" data-id=\"c3816cb\" data-element_type=\"column\">\n\t\t\t<div class=\"elementor-widget-wrap elementor-element-populated\">\n\t\t\t\t\t\t\t\t<div class=\"elementor-element elementor-element-b08d1e0 elementor-widget elementor-widget-image\" data-id=\"b08d1e0\" data-element_type=\"widget\" data-widget_type=\"image.default\">\n\t\t\t\t<div class=\"elementor-widget-container\">\n\t\t\t\t\t\t\t\t\t\t\t\t\t\t\t<img loading=\"lazy\" decoding=\"async\" width=\"200\" height=\"100\" src=\"https:\/\/bmoplastik.com\/wp-content\/uploads\/2023\/11\/isuzu.png\" class=\"attachment-large size-large wp-image-2252\" alt=\"\" \/>\t\t\t\t\t\t\t\t\t\t\t\t\t\t\t<\/div>\n\t\t\t\t<\/div>\n\t\t\t\t\t<\/div>\n\t\t<\/div>\n\t\t\t\t<div class=\"elementor-column elementor-col-25 elementor-inner-column elementor-element elementor-element-e6c7752\" data-id=\"e6c7752\" data-element_type=\"column\">\n\t\t\t<div class=\"elementor-widget-wrap elementor-element-populated\">\n\t\t\t\t\t\t\t\t<div class=\"elementor-element elementor-element-7115aa4 elementor-widget elementor-widget-image\" data-id=\"7115aa4\" data-element_type=\"widget\" data-widget_type=\"image.default\">\n\t\t\t\t<div class=\"elementor-widget-container\">\n\t\t\t\t\t\t\t\t\t\t\t\t\t\t\t<img loading=\"lazy\" decoding=\"async\" width=\"200\" height=\"100\" src=\"https:\/\/bmoplastik.com\/wp-content\/uploads\/2023\/11\/nissan.png\" class=\"attachment-large size-large wp-image-2253\" alt=\"\" \/>\t\t\t\t\t\t\t\t\t\t\t\t\t\t\t<\/div>\n\t\t\t\t<\/div>\n\t\t\t\t\t<\/div>\n\t\t<\/div>\n\t\t\t\t<div class=\"elementor-column elementor-col-25 elementor-inner-column elementor-element elementor-element-5c7e919\" data-id=\"5c7e919\" data-element_type=\"column\">\n\t\t\t<div class=\"elementor-widget-wrap elementor-element-populated\">\n\t\t\t\t\t\t\t\t<div class=\"elementor-element elementor-element-5d5b8ee elementor-widget elementor-widget-image\" data-id=\"5d5b8ee\" data-element_type=\"widget\" data-widget_type=\"image.default\">\n\t\t\t\t<div class=\"elementor-widget-container\">\n\t\t\t\t\t\t\t\t\t\t\t\t\t\t\t<img loading=\"lazy\" decoding=\"async\" width=\"200\" height=\"100\" src=\"https:\/\/bmoplastik.com\/wp-content\/uploads\/2023\/11\/volvo.png\" class=\"attachment-large size-large wp-image-2254\" alt=\"\" \/>\t\t\t\t\t\t\t\t\t\t\t\t\t\t\t<\/div>\n\t\t\t\t<\/div>\n\t\t\t\t\t<\/div>\n\t\t<\/div>\n\t\t\t\t\t\t\t<\/div>\n\t\t<\/section>\n\t\t\t\t\t<\/div>\n\t\t<\/div>\n\t\t\t\t\t\t\t<\/div>\n\t\t<\/section>\n\t\t\t\t\t\t\t<\/div>\n\t\t","protected":false},"excerpt":{"rendered":"<p>BMO Otomotiv: Kalitede Tecr\u00fcbenin Ad\u0131 1988 y\u0131l\u0131nda sekt\u00f6re ad\u0131m atan BMO Otomotiv, otomotiv end\u00fcstrisindeki par\u00e7a \u00fcretiminde uzun y\u0131llara dayanan deneyimiyle \u00f6ne \u00e7\u0131kan bir firma olarak tan\u0131n\u0131yor. Firmam\u0131z, Man ve bir\u00e7ok \u00f6nde gelen otomotiv \u00fcreticisi i\u00e7in y\u00fcksek kaliteli yedek par\u00e7a \u00fcretimi konusunda \u00f6nc\u00fc bir konumda bulunmaktad\u0131r. Tecr\u00fcbe ve \u0130novasyonun Harman\u0131 BMO Otomotiv, sekt\u00f6rdeki de\u011fi\u015fen ihtiya\u00e7lara uyum [&hellip;]<\/p>\n","protected":false},"author":1,"featured_media":0,"parent":0,"menu_order":0,"comment_status":"closed","ping_status":"closed","template":"elementor_header_footer","meta":{"footnotes":""},"class_list":["post-941","page","type-page","status-publish","hentry"],"acf":[],"aioseo_notices":[],"_links":{"self":[{"href":"https:\/\/bmoplastik.com\/index.php\/wp-json\/wp\/v2\/pages\/941","targetHints":{"allow":["GET"]}}],"collection":[{"href":"https:\/\/bmoplastik.com\/index.php\/wp-json\/wp\/v2\/pages"}],"about":[{"href":"https:\/\/bmoplastik.com\/index.php\/wp-json\/wp\/v2\/types\/page"}],"author":[{"embeddable":true,"href":"https:\/\/bmoplastik.com\/index.php\/wp-json\/wp\/v2\/users\/1"}],"replies":[{"embeddable":true,"href":"https:\/\/bmoplastik.com\/index.php\/wp-json\/wp\/v2\/comments?post=941"}],"version-history":[{"count":11,"href":"https:\/\/bmoplastik.com\/index.php\/wp-json\/wp\/v2\/pages\/941\/revisions"}],"predecessor-version":[{"id":2311,"href":"https:\/\/bmoplastik.com\/index.php\/wp-json\/wp\/v2\/pages\/941\/revisions\/2311"}],"wp:attachment":[{"href":"https:\/\/bmoplastik.com\/index.php\/wp-json\/wp\/v2\/media?parent=941"}],"curies":[{"name":"wp","href":"https:\/\/api.w.org\/{rel}","templated":true}]}}